?
True
Is 10289 prime?
True
Is 135887 composite?
False
Is 38527 a prime number?
False
Is 4441 a prime number?
True
Is 78249 prime?
False
Is 628261 a prime number?
True
Is 6193 composite?
True
Is 12731 a prime number?
False
Is 5337169 composite?
False
Is 1785961 prime?
True
Is 208927 a composite number?
False
Is 65749 a composite number?
True
Is 357223 prime?
False
Is 1277 a prime number?
True
Is 9293 composite?
False
Is 69131 composite?
True
Is 12197 a composite number?
False
Is 1096399 a prime number?
True
Is 61091 prime?
True
Is 23957 a prime number?
True
Is 63029 a composite number?
False
Is 1399 a prime number?
True
Is 27917 prime?
True
Is 3636431 composite?
True
Is 217111 a composite number?
False
Is 649 prime?
False
Is 14971 a composite number?
True
Is 51757 prime?
False
Is 106243 a composite number?
False
Is 6998 composite?
True
Is 1361 composite?
False
Is 1441 a composite number?
True
Is 1189417 a prime number?
True
Is 1258403 composite?
False
Is 5261 a composite number?
False
Is 113882 composite?
True
Is 4717 a composite number?
True
Is 4391 a composite number?
False
Is 441307 a prime number?
True
Is 168977 composite?
False
Is 3183283 composite?
True
Is 222391 a composite number?
True
Is 149393 a prime number?
True
Is 34421 prime?
True
Is 524921 a prime number?
True
Is 1795 a prime number?
False
Is 1398971 a composite number?
True
Is 301927 prime?
True
Is 7226 composite?
True
Is 1130683 composite?
True
Is 18187 prime?
False
Is 6826 a composite number?
True
Is 62845 a composite number?
True
Is 84199 a prime number?
True
Is 21347 a prime number?
True
Is 1309643 a composite number?
True
Is 248657 a prime number?
True
Is 10405 prime?
False
Is 22771 prime?
False
Is 54037 composite?
False
Is 2129951 a prime number?
True
Is 23459 prime?
True
Is 336961 composite?
False
Is 20411 a composite number?
False
Is 197633 composite?
True
Is 58769 prime?
False
Is 25301 a prime number?
True
Is 537811 a composite number?
False
Is 6049 a prime number?
False
Is 370373 a prime number?
True
Is 862669 prime?
True
Is 885331 prime?
True
Is 6799 composite?
True
Is 113689 a composite number?
True
Is 7789 a composite number?
False
Is 1017061 composite?
False
Is 41719 composite?
False
Is 1454781 a composite number?
True
Is 89 a composite number?
False
Is 2309 a prime number?
True
Is 856579 a composite number?
True
Is 791906 prime?
False
Is 201503 a prime number?
False
Is 27413 a composite number?
True
Is 99571 composite?
False
Is 2153 a prime number?
True
Is 30763 a prime number?
True
Is 10901 a composite number?
True
Is 527347 a prime number?
True
Is 9235 prime?
False
Is 30757 a composite number?
False
Is 91691 a prime number?
True
Is 335693 prime?
True
Is 29921 composite?
False
Is 8639 prime?
False
Is 93667 a prime number?
False
Is 55229 a composite number?
False
Is 551 a composite number?
True
Is 751 a composite number?
False
Is 29269 a composite number?
False
Is 215051 a prime number?
True
Is 10727 prime?
False
Is 25007 composite?
True
Is 118497 a composite number?
True
Is 43669 a prime number?
True
Is 29629 prime?
True
Is 15013 prime?
True
Is 966971 a prime number?
True
Is 87287 composite?
True
Is 3809 prime?
False
Is 18805 composite?
True
Is 708763 a composite number?
True
Is 148999 a composite number?
True
Is 14695 a composite number?
True
Is 235903 composite?
True
Is 100993 prime?
False
Is 6521 composite?
False
Is 237377 a composite number?
True
Is 4315 prime?
False
Is 25687 a prime number?
False
Is 61091 composite?
False
Is 245437 composite?
False
Is 79517 composite?
True
Is 136247 a composite number?
False
Is 409579 a prime number?
True
Is 89791 a composite number?
True
Is 14143 a prime number?
True
Is 19961 composite?
False
Is 1261 a composite number?
True
Is 30215 a prime number?
False
Is 7895 a prime number?
False
Is 56237 prime?
True
Is 322709 prime?
True
Is 5933 composite?
True
Is 47087 prime?
True
Is 2334187 a composite number?
False
Is 525023 a prime number?
False
Is 342267 prime?
False
Is 2382535 prime?
False
Is 219251 a composite number?
False
Is 225217 a prime number?
True
Is 381371 a prime number?
True
Is 510181 a composite number?
True
Is 224309 composite?
False
Is 1583 a composite number?
False
Is 14051 a composite number?
False
Is 989 composite?
True
Is 422111 a composite number?
False
Is 46499 prime?
True
Is 97145 prime?
False
Is 48747 prime?
False
Is 1173281 a composite number?
False
Is 499229 prime?
True
Is 275863 prime?
False
Is 7499 a composite number?
False
Is 37487 a composite number?
True
Is 214759 composite?
False
Is 1004189 prime?
False
Is 42203 a composite number?
True
Is 20635 composite?
True
Is 2278631 a composite number?
False
Is 4461 prime?
False
Is 64121 composite?
True
Is 28181 prime?
True
Is 220447 composite?
False
Is 707647 a composite number?
False
Is 2798207 prime?
True
Is 74641 a prime number?
False
Is 13643 a composite number?
True
Is 462263 prime?
True
Is 4135 a composite number?
True
Is 1514959 prime?
True
Is 239417 prime?
True
Is 229897 a composite number?
False
Is 9811 composite?
False
Is 9098 prime?
False
Is 61231 a prime number?
True
Is 916535 a prime number?
False
Is 27087 composite?
True
Is 5039681 a composite number?
False
Is 89627 a prime number?
True
Is 50111 prime?
True
Is 450553 a prime number?
False
Is 427319 prime?
False
Is 109159 a composite number?
False
Is 5933 a composite number?
True
Is 25649 composite?
True
Is 1563 prime?
False
Is 52211 composite?
True
Is 595801 prime?
True
Is 394207 composite?
True
Is 5147 a composite number?
False
Is 10473 composite?
True
Is 435293 a prime number?
False
Is 9029 a composite number?
False
Is 668638 a prime number?
False
Is 2333 prime?
True
Is 8594 a prime number?
False
Is 86689 prime?
True
Is 27769 a composite number?
True
Is 2929 prime?
False
Is 17729 prime?
True
Is 9613 a prime number?
True
Is 2779657 composite?
False
Is 4553 prime?
False
Is 40889 a composite number?
True
Is 5701 a prime number?
True
Is 53353 a prime number?
True
Is 13577 composite?
False
Is 778 a prime number?
False
Is 111817 composite?
True
Is 134473 prime?
False
Is 317539 prime?
True
Is 61973 composite?
True
Is 227827 a composite number?
False
Is 11558 prime?
False
Is 2045765 a prime number?
False
Is 2999 a composite number?
False
Is 103549 composite?
False
Is 7559 composite?
False
Is 61501 a composite number?
True
Is 1305869 a prime number?
True
Is 53111 prime?
False
Is 799271 prime?
False
Is 8933 prime?
True
Is 821 a prime number?
True
Is 20695 a composite number?
True
Is 203477 prime?
False
Is 9745 composite?
True
Is 258869 a prime number?
False
Is 6445 prime?
False
Is 45281 prime?
True
Is 11351 a prime number?
True
Is 183089 a composite number?
False
Is 3587 a prime number?
False
Is 45667 a prime number?
True
Is 14657 prime?
True
Is 129161 a composite number?
True
Is 90637 a composite number?
True
Is 62579 composite?
True
Is 201427 a prime number?
False
Is 96601 composite?
False
Is 188731 a prime number?
False
Is 2099 a prime number?
True
Is 90205 composite?
True
Is 589367 prime?
False
Is 1537 prime?
False
Is 411241 a prime number?
True
Is 12379 composite?
False
Is 20431 a prime number?
True
Is 71531 a prime number?
False
Is 16331 a composite number?
True
Is 8765 composite?
True
Is 8999 prime?
True
Is 591 prime?
False
Is 24943 a prime number?
True
Is 132934 a prime number?
False
Is 98773 composite?
False
Is 10903 composite?
False
Is 187597 prime?
True
Is 1932181 a composite number?
False
Is 361531 a composite number?
False
Is 14291 prime?
False
Is 211889 a composite number?
False
Is 11113 composite?
False
Is 437629 composite?
False
Is 176299 a prime number?
True
Is 3683 a composite number?
True
Is 214627 composite?
True
Is 118183 composite?
True
Is 6389 composite?
False
Is 1042997 a composite number?
False
Is 129413 a composite number?
True
Is 9197 composite?
True
Is 82601 a prime number?
True
Is 9509 prime?
False
Is 5293 prime?
False
Is 5449 prime?
True
Is 708593 a prime number?
True
Is 557 a composite number?
False
Is 4322 prime?
False
Is 3821 a composite number?
False
Is 147137 a prime number?
True
Is 62695 composite?
True
Is 3071 a composite number?
True
Is 16487 a composite number?
False
Is 5177 composite?
True
Is 6619 a prime number?
True
Is 399723 composite?
True
Is 9005015 a c